undred thousands digit of 21964410?
9
What is the units digit of 7194152?
2
What is the ten millions digit of 51405163?
5
What is the hundred thousands digit of 781148?
7
What is the hundreds digit of 506966453?
4
What is the thousands digit of 7263036789?
6
What is the tens digit of 81498597?
9
What is the billions digit of 2151924202?
2
What is the ten thousands digit of 168649806?
4
What is the units digit of 52154203?
3
What is the thousands digit of 76350774?
0
What is the billions digit of 1759731746?
1
What is the tens digit of 42478069?
6
What is the ten millions digit of 1272799932?
7
What is the millions digit of 45275591?
5
What is the units digit of 146248123?
3
What is the thousands digit of 550587668?
7
What is the units digit of 372124635?
5
What is the millions digit of 28104625?
8
What is the hundred thousands digit of 651143860?
1
What is the tens digit of 2045974093?
9
What is the ten thousands digit of 186306009?
0
What is the millions digit of 48808044?
8
What is the hundred thousands digit of 804258663?
2
What is the hundreds digit of 15418420?
4
What is the millions digit of 2646477612?
6
What is the hundreds digit of 547219996?
9
What is the hundreds digit of 95480757?
7
What is the hundred thousands digit of 114242213?
2
What is the hundreds digit of 537088222?
2
What is the hundred thousands digit of 47114252?
1
What is the thousands digit of 394134748?
4
What is the hundred thousands digit of 274890851?
8
What is the hundred millions digit of 204355813?
2
What is the ten millions digit of 2086060458?
8
What is the thousands digit of 205392335?
2
What is the hundred millions digit of 4612615384?
6
What is the ten millions digit of 76118336?
7
What is the ten millions digit of 41940505?
4
What is the ten thousands digit of 4044223918?
2
What is the tens digit of 43335?
3
What is the units digit of 1690160245?
5
What is the hundreds digit of 17045381?
3
What is the hundreds digit of 71150355?
3
What is the ten thousands digit of 212688423?
8
What is the tens digit of 43111804?
0
What is the millions digit of 309987440?
9
What is the hundred millions digit of 3513036270?
5
What is the ten millions digit of 3759155689?
5
What is the ten millions digit of 547393916?
4
What is the ten millions digit of 36225853?
3
What is the units digit of 190191624?
4
What is the hundreds digit of 259735455?
4
What is the tens digit of 2156164281?
8
What is the hundred millions digit of 906172957?
9
What is the ten millions digit of 78774513?
7
What is the units digit of 622482660?
0
What is the ten millions digit of 73652811?
7
What is the ten thousands digit of 65029319?
2
What is the hundred millions digit of 178001654?
1
What is the millions digit of 5589245?
5
What is the hundred millions digit of 195097999?
1
What is the units digit of 301082078?
8
What is the hundreds digit of 6629859?
8
What is the ten thousands digit of 641560528?
6
What is the hundred millions digit of 122319127?
1
What is the units digit of 329629739?
9
What is the hundreds digit of 746932550?
5
What is the millions digit of 878779258?
8
What is the hundred thousands digit of 1139399395?
3
What is the tens digit of 66224781?
8
What is the ten thousands digit of 32629444?
2
What is the hundred millions digit of 3749434351?
7
What is the tens digit of 3554370197?
9
What is the hundred thousands digit of 403676809?
6
What is the ten millions digit of 276588295?
7
What is the units digit of 272405367?
7
What is the ten millions digit of 198121171?
9
What is the hundred millions digit of 3849051371?
8
What is the units digit of 4776729303?
3
What is the thousands digit of 43433139?
3
What is the tens digit of 1631135?
3
What is the ten thousands digit of 717749057?
4
What is the ten thousands digit of 5911351?
1
What is the ten millions digit of 47652178?
4
What is the hundreds digit of 2707835194?
1
What is the millions digit of 209366671?
9
What is the hundreds digit of 983641570?
5
What is the ten thousands digit of 466997100?
9
What is the tens digit of 78927144?
4
What is the hundred thousands digit of 149206241?
2
What is the ten thousands digit of 1477965151?
6
What is the units digit of 73975364?
4
What is the hundreds digit of 48697566?
5
What is the ten thousands digit of 87422034?
2
What is the hundred millions digit of 1584287189?
5
What is the units digit of 284980378?
8
What is the millions digit of 40671664?
0
What is the millions digit of 68199711?
8
What is the tens digit of 5985403327?
2
What is the tens digit of 182656566?
6
What is the thousands digit of 15272311?
2
What is the ten thousands digit of 778932731?
3
What is the millions digit of 190383749?
0
What is the hundreds digit of 938708829?
8
What is the ten millions digit of 33406825?
3
What is the units digit of 2732399711?
1
What is the hundred millions digit of 159411196?
1
What is the units digit of 22850209?
9
What is the ten millions digit of 2470047558?
7
What is the millions digit of 31666856?
1
What is the millions digit of 900030321?
0
What is the millions digit of 130517520?
0
What is the units digit of 156207038?
8
What is the hundred thousands digit of 53729107?
7
What is the ten millions digit of 3356675092?
5
What is the hundreds digit of 76075097?
0
What is the millions digit of 82819863?
2
What is the ten thousands digit of 2588590?
8
What is the ten millions digit of 4477077658?
7
What is the billions digit of 1333700405?
1
What is the ten millions digit of 6566780519?
6
What is the hundreds digit of 2764849?
8
What is the thousands digit of 48024975?
4
What is the hundreds digit of 755961247?
2
What is the units digit of 533402664?
4
What is the ten thousands digit of 4178887234?
8
What is the hundred millions digit of 1016169899?
0
What is the hundred thousands digit of 1204231824?
2
What is the hundred thousands digit of 1202348923?
3
What is the ten thousands digit of 103403055?
0
What is the hundreds digit of 83457625?
6
What is the hundred millions digit of 355484067?
3
What is the ten millions digit of 3031902495?
3
What is the hundred millions digit of 227392658?
2
What is the hundred thousands digit of 97571641?
5
What is the units digit of 8021828020?
0
What is the hundred thousands digit of 5432703?
4
What is the ten millions digit of 32013496?
3
What is the tens digit of 2530480385?
8
What is the millions digit of 2629723?
2
What is the millions digit of 137495727?
7
What is the hundred millions digit of 392660149?
3
What is the hundreds digit of 509557156?
1
What is the ten thousands digit of 8431682?
3
What is the units digit of 57073596?
6
What is the millions digit of 67491541?
7
What is the hundred millions digit of 4063673297?
0
What is the hundred millions digit of 212373100?
2
What is the hundred millions digit of 315234065?
3
What is the hundred millions digit of 276569127?
2
What is the hundred millions digit of 358596814?
3
What is the tens digit of 24708265?
6
What is the ten millions digit of 10035048?
1
What is the ten millions digit of 119706710?
1
What is the hundred thousands digit of 311641346?
6
What is the tens digit of 299159959?
5
What is the hundred millions digit of 468171924?
4
What is the hundreds digit of 38423132?
1
What is the millions digit of 688408187?
8
What is the hundred thousands digit of 746638757?
6
What is the ten millions digit of 21891963?
2
What is the thousands digit of 539966894?
6
What is the ten thousands digit of 929344384?
4
What is the units digit of 88788595?
5
What is the hundreds digit of 98290904?
9
What is the hundreds digit of 737364175?
1
What is the hundreds digit of 4317931249?
2
What is the millions digit of 25012928?
5
What is the tens digit of 115647948?
4
What is the hundred thousands digit of 447514140?
5
What is the tens digit of 64493207?
0
What is the tens digit of 53330671?
7
What is the millions digit of 128684218?
8
What is the hundred thousands digit of 39689894?
6
What is the thousands digit of 119767553?
7
What is the units digit of 190198168?
8
What is the thousands digit of 2997858?
7
What is the hundreds digit of 966928203?
2
What is the thousands digit of 3767687?
7
What is the thousands digit of 454612876?
2
What is the ten millions digit of 1151540965?
5
What is the ten thousands